8. Calculate w(114).
-30
Let s(g) = 47*g**2 + 257*g - 63. Give s(-6).
87
Let u(c) = -c**3 - 44*c**2 - 349*c - 25954. Calculate u(-48).
14
Let u(q) = -748*q + 67269. Give u(90).
-51
Let a(w) = -791*w + 60772. Give a(77).
-135
Let b(h) = h**2 + 164*h + 6389. Give b(-108).
341
Let c(v) = -4*v**3 - 129*v**2 - 807*v - 395. Determine c(-24).
-35
Let s(z) = z**2 - 29*z - 309. Determine s(29).
-309
Let a(b) = 1327*b - 195363. Calculate a(147).
-294
Let b(n) = -503*n + 78244. What is b(156)?
-224
Let g(k) = 18910*k + 189095. Calculate g(-10).
-5
Let r(d) = d**3 - 87*d**2 - 958*d - 30. Calculate r(-10).
-150
Let g(t) = 74950*t + 3822453. Calculate g(-51).
3
Let r(f) = f**3 - 27*f**2 + 23*f + 110. Determine r(26).
32
Let s(u) = 9*u**3 - 57*u**2 - 160*u - 132. What is s(9)?
372
Let a(s) = -16276*s + 34915. Determine a(2).
2363
Let o(c) = c**2 + 852*c - 58820. Give o(64).
-196
Let r(w) = 1480*w**3 + w**2 + 41*w + 40. Determine r(-1).
-1480
Let o(f) = 361*f + 1093. Calculate o(-3).
10
Let a(w) = w**3 + 16*w**2 + 194*w + 1542. Calculate a(-10).
202
Let i(c) = -189*c + 4393. Determine i(23).
46
Let k(q) = -29*q**2 - 136*q + 246. Calculate k(2).
-142
Let t(z) = 232*z + 22024. Calculate t(-93).
448
Let p(j) = -j**3 - 147*j**2 - 63276*j - 9049542. Determine p(-144).
-6
Let u(g) = 137*g**2 + 1609*g - 388. Calculate u(-12).
32
Let k(p) = -51*p**2 + 218*p + 226. Calculate k(-1).
-43
Let l(v) = 14*v**2 + 142*v + 135. Calculate l(-10).
115
Let u(h) = -1523*h + 418836. Give u(275).
11
Let r(k) = k**3 - 17*k**2 - 80*k + 234. Give r(19).
-564
Let l(p) = -p**2 + 77*p + 55929. What is l(-201)?
51
Let t(h) = -4829*h + 115869. Calculate t(24).
-27
Let c(w) = -w**3 - 29*w**2 + 14*w - 356. Calculate c(-30).
124
Let l(q) = 171921*q - 687735. Calculate l(4).
-51
Let d(o) = -o**2 + 753*o - 96322. Give d(162).
-580
Let g(q) = 3*q**2 - 849*q + 7306. Give g(9).
-92
Let b(n) = -1923*n**2 + 21151*n + 20. Give b(11).
-2
Let x(n) = -579*n + 2902. Determine x(6).
-572
Let i(k) = -400*k + 118417. What is i(296)?
17
Let g(a) = a**2 - 475*a + 47263. Give g(332).
-213
Let z(y) = y**3 + 630*y**2 + 2470*y - 128. Determine z(-4).
8
Let r(s) = -4*s**2 + 882*s + 5895. Calculate r(227).
-7
Let i(o) = -4622971*o - 36983768. Determine i(-8).
0
Let g(d) = 626*d**2 - 3533*d - 1327. Give g(6).
11
Let v(g) = -227*g - 2241. Determine v(-5).
-1106
Let g(c) = 2*c**3 - 60*c**2 + 296*c + 86. Give g(6).
134
Let f(t) = -94*t**2 + 10898*t + 698. Give f(116).
2
Let a(p) = 11*p**2 - 251*p + 1444. Calculate a(11).
14
Let f(v) = -v**3 - 19*v**2 + 6542*v - 917. Determine f(-91).
-7
Let d(v) = 19*v**3 - 176*v**2 + 502*v - 4099. What is d(9)?
14
Let n(i) = -i**3 + 74*i**2 - 884*i + 2642. What is n(60)?
2
Let z(d) = -d**3 + 331*d**2 + 80*d + 83320. Give z(332).
-344
Let m(y) = 6777*y - 6762. What is m(1)?
15
Let n(p) = -5947*p + 41551. Give n(7).
-78
Let f(a) = 196*a - 6824. What is f(36)?
232
Let s(d) = 18411*d + 202076. Calculate s(-11).
-445
Let j(d) = 2*d**3 - 228*d**2 + 1659*d + 302. Calculate j(8).
6
Let a(v) = -v**3 + 13*v**2 + 48*v - 480. Determine a(6).
60
Let g(f) = -10*f**2 + 100*f - 269. Calculate g(7).
-59
Let t(m) = -m**3 + 41*m**2 - 248*m + 14202. What is t(43)?
-160
Let g(o) = o**3 + 39*o**2 + 246*o - 103. Calculate g(-31).
-41
Let b(h) = 601*h**2 - 14413*h + 35. Calculate b(24).
299
Let c(g) = -7*g**2 - 4002*g - 66006. Calculate c(-17).
5
Let j(m) = 8*m**2 - 184*m - 22. Determine j(-4).
842
Let g(v) = -949*v**2 + 48980*v - 48979. What is g(1)?
-948
Let j(t) = -11863*t + 427102. What is j(36)?
34
Let q(d) = 147736*d + 25706058. What is q(-174)?
-6
Let m(k) = 1192*k**3 + 8345*k**2 + 15*k + 67. Determine m(-7).
11
Let o(l) = 22*l**2 - 527*l + 481. Calculate o(23).
-2
Let u(a) = -19*a**3 + 121*a**2 - 17*a + 2. Calculate u(7).
-705
Let q(w) = -731*w + 208332. What is q(285)?
-3
Let x(r) = -44262*r + 88508. Determine x(2).
-16
Let v(o) = -37976*o - 2012648. Calculate v(-53).
80
Let p(h) = -h**3 + 59*h**2 - 51*h - 3617. Determine p(57).
-26
Let o(x) = 1029*x - 1160. Determine o(3).
1927
Let j(f) = -4326*f - 1496800. Calculate j(-346).
-4
Let z(q) = 26431*q - 238058. Give z(9).
-179
Let o(j) = -j**2 + 674*j - 34625. Calculate o(56).
-17
Let b(l) = -28*l**2 - 151*l + 560. Determine b(-11).
-1167
Let x(y) = 16*y**2 + 7*y + 54. Determine x(4).
338
Let x(a) = -971*a - 2495. Give x(-3).
418
Let m(k) = -116*k + 3834. Calculate m(36).
-342
Let w(i) = 3*i**3 + 80*i**2 - 117*i + 128. What is w(-28)?
268
Let n(t) = 33*t**3 + 622*t**2 - 94*t + 44. Give n(-19).
25
Let l(b) = 473*b - 44916. Determine l(95).
19
Let u(k) = 2*k**3 - 298*k**2 - 600*k - 1334. What is u(151)?
-730
Let n(s) = -12*s**3 + 292*s**2 - 104*s + 185. Determine n(24).
-7
Let m(p) = -p**3 - 294*p**2 - 3385*p - 311. What is m(-282)?
-29
Let c(y) = 386*y + 6787. Calculate c(-19).
-547
Let g(h) = -59284*h + 1067080. What is g(18)?
-32
Let b(i) = -36*i**3 + 9*i**2 + 15*i - 60. What is b(2)?
-282
Let k(z) = 31757*z - 825302. Determine k(26).
380
Let v(j) = -55*j**2 - 1022*j + 1563. Calculate v(-20).
3
Let u(v) = -13*v**2 - 666*v + 1901. Give u(-53).
682
Let t(d) = 122*d + 11290. What is t(-75)?
2140
Let q(v) = v**3 + 5*v**2 - 47*v + 11. What is q(-10)?
-19
Let j(q) = -269*q - 94152. Determine j(-350).
-2
Let w(n) = -n**2 + 243*n - 3974. Give w(18).
76
Let i(v) = v**2 - 865*v + 134679. What is i(204)?
-165
Let z(a) = -696*a + 59146. Determine z(85).
-14
Let x(r) = 15*r + 790. Give x(-63).
-155
Let q(z) = -7*z**2 - 47*z - 250. Give q(-5).
-190
Let c(a) = -603*a + 15561. Calculate c(24).
1089
Let h(p) = -833*p + 6729. Give h(8).
65
Let u(m) = -m**3 + 63*m**2 - 15*m - 2736. Calculate u(62).
178
Let v(k) = -2*k**3 + 8*k**2 + 640*k + 71. Calculate v(-16).
71
Let d(j) = j**3 + 176*j**2 - 147*j + 5652. Give d(-177).
342
Let l(t) = 2*t**3 - 45*t**2 + 1403*t - 30386. Determine l(22).
-4
Let l(h) = -8508*h - 654694. Give l(-77).
422
Let l(u) = -1501*u - 700981. What is l(-467)?
-14
Let z(d) = -41*d**3 + 5288*d**2 + 149*d - 2554. What is z(129)?
26
Let y(t) = -101*t**3 + 7*t**2 - 57*t + 70. Give y(3).
-2765
Let w(c) = 19575*c - 411167. What is w(21)?
-92
Let c(o) = -o**3 + 22*o**2 - 1909*o + 39435. Calculate c(21).
-213
Let k(c) = -122481*c - 734899. Determine k(-6).
-13
Let x(f) = f**3 + 484*f**2 - 220*f + 128517. Calculate x(-485).
-8
Let r(v) = -22*v - 3024. Give r(-138).
12
Let p(o) = -20*o**3 - o**2 + 12*o + 9. Give p(-2).
141
Let i(p) = p**3 - 34*p**2 + 12*p + 19. Give i(7).
-1220
Let h(v) = 3310*v + 23009. What is h(-7)?
-161
Let p(f) = 2*f**2 - 41*f - 2251. Give p(40).
-691
Let f(b) = -70*b**2 - 304*b - 400. Give f(-4).
-304
Let t(s) = -5170*s + 263980. Give t(51).
310
Let o(u) = -4181*u - 978345. What is o(-234)?
9
Let j(i) = -2*i**2 - 789*i + 355110. Determine j(268).
10
Let j(q) = 2*q**3 + 164*q**2 - 1839*q + 95. Give j(-92).
3
Let u(q) = 63*q - 7898. Calculate u(125).
-23
Let w(i) = 16*i**3 - 618*i**2 - 40*i - 7615. Determine w(39).
-49
Let i(g) = 5*g**3 - 46*g**2 + 160*g + 237. Calculate i(5).
512
Let h(p) = 16*p**2 - 207*p + 56. Determine h(16).
840
Let f(j) = 3*j**2 + 42*j - 7145. Give f(43).
208
Let l(j) = -j**3 + 64*j**2 + 7882*j + 4335. Give l(-62).
-5
Let s(w) = 4*w**3 - 382*w**2 - 199*w + 673. Determine s(96).
1
Let k(a) = -28570*a - 27370. Determine k(-1).
1200
Let q(n) = -574*n**2 + 1278*n + 1. Determine q(-2).
-4851
Let i(q) = q**3 + 24*q**2 + 110*q + 348. Give i(-21).
-639
Let l(d) = 262182*d - 262164. Calculate l(1).
18
Let z(o) = -58*o**2 - 8152*o + 3675. Give z(-141).
9
Let f(x) = 322*x - 3275. Determine f(8).
-699
Let v(w) = -161*w**3 - 5472*w**2 + 68*w + 8. What is v(-34)?
8
Let j(h) = 4*h**3 - 22*h**2 - 18*h + 44. Give j(5).
-96
Let f(n) = 86*n**2 + 9117*n - 264. Give f(-106).
-370
Let p(h) = -h**3 - 449*h**2 - 22*h + 5. Determine p(0).
5
Let a(u) = -106*u**2 + 747*u - 28. Calculate a(7).
7
Let k(o) = -259*o**2 + 3628*o - 74. Calculate k(14).
-46
Let h(x) = -333*x + 23299. Determine h(66).
1321
Let w(s) = 6*s**3 - 257*s**2 + 265*s - 2317. Determine w(42).
-7
Let a(d) = -7*d**3 - 461*d**2 + 2038*d + 616. Determine a(-70).
56
Let o(k) = 8*k**2 + 147*k - 19128. Give o(-59).
47
Let c(m) = -6*m**3 + 4*m**2 - 14*m - 3. Calculate c(-2).
89
Let m(j) = 5748*j**2 + 20. What is m(0)?
20
Let g(t) = t**3 - 116*t**2 + 1001*t - 4391. Determine g(107).